uppose 5*j - 870 = 3*n + 592, -883 = -3*j - 4*n. What is the units digit of j?
3
What is the tens digit of (0 - (-1140)/4)*(-3)/(-9)?
9
Let i = 1636 - 1369. What is the tens digit of i?
6
Let q = 4 - 4. Let h be (2 - q)/((-4)/(-6)). What is the units digit of 3/6 + h/2?
2
What is the units digit of 222690/156 - (-1)/(-2)?
7
Let n(c) = c**2 + 15*c + 31. Let f be n(-13). Suppose 5*a - 4*a + 2 = 0. What is the tens digit of (-4)/(1*a/f)?
1
Suppose -r + 76 = -2*u, 0 = -2*r + 5*r + 3*u - 273. Let k = r - 3. What is the tens digit of k?
8
Suppose 314 = 2*w + 5*l, 2*w = -w - 2*l + 460. Suppose 4*b - w = 2*b. What is the units digit of (-2)/(-5) - b/(-10)?
8
Suppose 0 = -2*f + 3 + 1. Suppose y + 113 = 4*y + 5*t, 4*y = f*t + 142. What is the tens digit of y?
3
Suppose 0 = 5*x - 21 - 74. Let o = x + -14. Suppose -61 = -o*l + 4. What is the tens digit of l?
1
Let i be 4/4 - (-1 + 1). Suppose -5*b = -4 - i. Suppose 5 + b = 2*s. What is the units digit of s?
3
Suppose -4*u + 8 = -2*u. Suppose -u*y + 104 = -80. What is the tens digit of y?
4
Suppose 0 = -2*n + 117 + 1147. Let r = n + -419. What is the hundreds digit of r?
2
Suppose -2*v + 4144 = 5*v. What is the tens digit of v?
9
Suppose 0 = -g + 3*g - 12. What is the tens digit of 313/g + (2 - (-26)/(-12))?
5
Suppose -2*w + 537 = j, 5*j = 4*j - 4*w + 533. What is the units digit of j?
1
Let v(a) = -a - 9. Let q be -4 - 1*(4 - 1). Let f be v(q). Let m = 8 - f. What is the units digit of m?
0
What is the units digit of 282/(-517) - 5925/(-33)?
9
Let k be ((-15)/2)/((-3)/4). Let j = k - 8. Suppose j*s - 36 = -0*s. What is the units digit of s?
8
Let g = -97 - -91. What is the tens digit of 3 + g + 19 + 3 + 0?
1
Suppose 3*y + 256 = 11*y. Suppose y = 5*o - 153. What is the tens digit of o?
3
Let a(i) = 4*i - 38. Let w be a(11). What is the hundreds digit of -4 - ((-596)/(w + -2) + -2)?
1
What is the tens digit of ((-41)/(-3))/((-2)/(-6))?
4
Let l = 120 + -68. Suppose 3*f = 5*v + l + 14, 0 = -5*v - 5*f - 50. Let k = v + 29. What is the tens digit of k?
1
Let d = 165 + 746. What is the hundreds digit of d?
9
Suppose -o + 7*o = 0. Suppose 4*f + 454 = 5*r - 672, 4*r + 5*f - 868 = o. What is the units digit of r?
2
What is the tens digit of ((-25999 - -16)*(-2)/(-6))/(-3)?
8
Let l = -961 + 1556. What is the hundreds digit of l?
5
Let f(a) = 9*a + 30. Let g(s) = -s**2 - 10*s - 11. Let k be g(-8). What is the tens digit of f(k)?
7
Let o(y) = -3*y - 7. Let w be o(-4). Let s(n) = 3*n**2 - 7*n + 5. What is the units digit of s(w)?
5
Let f be 3 + (2 + 1)*-1. What is the tens digit of -51*(4/(-3) + f)?
6
Let n be ((-5)/5)/(2/(-52)*2). Suppose -7*q = -n*q + 570. What is the tens digit of q?
9
Let q(f) = -f**2 - 13*f + 13. Suppose -12*c = -17*c - 55. What is the units digit of q(c)?
5
Suppose -3819 = -4*y - 259*b + 262*b, 959 = y - 5*b. What is the units digit of y?
4
Suppose 3*i - 18 - 14 = 4*d, 2*i = -2*d + 26. Let z(p) = p**3 - 11*p**2 - 6*p - 2. What is the units digit of z(i)?
0
Suppose -25 = -4*m - 101. Let j = m + 52. What is the units digit of j?
3
Let d = -897 + 2049. What is the thousands digit of d?
1
Suppose -4*r + 5*r + 18 = 4*t, -5*t = -3*r - 19. Suppose r*n - 3*n - 66 = 0. What is the units digit of (74/(-12))/(11/n)?
7
Suppose -4*a + 3*r + 621 = -5*a, a + 5*r + 615 = 0. Let p = a + 889. What is the tens digit of p?
5
Suppose -2*u = -u - 179. Let f = -305 + u. What is the tens digit of (2/(-4))/(3/f)?
2
Let n(q) = -q**2 - 9*q - 9. Let z be n(5). Let s = z + 104. What is the tens digit of s?
2
Suppose 5*o = 4*d + 24648, -39*d + 40*d = -o + 4935. What is the hundreds digit of o?
9
Let p(i) = -3*i**2 + 20*i**3 + 2*i**2 + 0*i**2. Let g be (-9)/(-6)*10/15. What is the units digit of p(g)?
9
Let n(f) = 5*f**2 - 2*f - f**3 + 4 + 3 - 7*f**2 - 3. What is the units digit of n(-3)?
9
What is the units digit of (13 - 61/5)/(2/7330)?
2
Suppose -3 = -b - 1. Let v(a) = 0 + 7 - b + a. What is the tens digit of v(9)?
1
Let k be 9/((-54)/244)*6/(-4). Suppose 3*v + 4*u - k = 340, 514 = 4*v - 5*u. What is the tens digit of v?
3
Suppose -5*w + 3*n + 23 = 0, 2*n + 0*n - 18 = -5*w. Suppose w*u = 133 + 115. What is the tens digit of u?
6
What is the hundreds digit of -3 - -1938 - (2 - 13)?
9
Let k(b) = -b**2 + 13*b - 19. What is the units digit of k(9)?
7
Let u = 32 + -24. Let b be (10/u)/(2/128). Let h = b - 51. What is the tens digit of h?
2
Let c(w) = w**3 - 54*w**2 - 24*w + 86. What is the units digit of c(55)?
1
Let r(h) = 5*h**2 - 24*h + 55. What is the tens digit of r(15)?
2
What is the units digit of (144/(-108))/((-3)/1656)?
6
Suppose -4*b + 24 = -5*x, 19 = -3*x + 2*b + 5. Let c be 0 + x + 2 + 5. Suppose 10 + 65 = c*r. What is the tens digit of r?
2
Let o(w) = -w**2 - 14*w - 18. Let x be (-8)/(-12)*-30 - 1. Let b = 10 + x. What is the units digit of o(b)?
5
Let g(o) = 221*o**2 - 220*o**2 + 7 + 3*o - 3*o. Suppose -3*y - q = q + 10, -2*y - 4*q = 20. What is the units digit of g(y)?
7
Let g(a) = a**3 - 7*a**2 + 18*a + 13. What is the units digit of g(6)?
5
Let w be (-5)/(-120)*4*(7 - 1). What is the units digit of (64/60*-3)/(w/(-60))?
2
Suppose -571 - 491 = -2*d. What is the tens digit of d?
3
Let r be 2/(-9) - ((-7)/(-9) - 1). What is the tens digit of (24/(-10))/(r + 3/(-120))?
9
Let m = 33 + -28. Suppose 5*u + 55 = -4*o + 294, -m*o + 304 = u. What is the tens digit of o?
6
Let n(g) = -304*g**3 - g**2 - 7*g + 2. Let p(f) = -305*f**3 - 2*f**2 - 9*f + 2. Let y(v) = -3*n(v) + 2*p(v). What is the tens digit of y(1)?
0
Let r be ((-1)/2 + 0)*8. Let d(a) = -19*a + 6 - 19*a + 39*a. What is the units digit of d(r)?
2
Let m = 0 + -5. Let w = -2 - m. Suppose -111 = -w*i + 3*k, 3*i + 4*k - 32 = 86. What is the units digit of i?
8
Let p = 29 - -59. Let d = p - 58. Suppose -u - d = -2*u. What is the units digit of u?
0
Suppose -166292 - 166283 = -53*r. What is the thousands digit of r?
6
Let j = 18 - 29. Let o(q) = -2*q + 16. What is the units digit of o(j)?
8
Let o(l) = 173*l + 117. What is the thousands digit of o(13)?
2
Let i = -13 + 13. Suppose 5*b + 4*z - 31 = i, 0*b + 1 = -5*b + 4*z. Suppose b*l - 4 = 11. What is the units digit of l?
5
Let h(f) = -f - 6. Let o be h(-6). Suppose 106 = 2*w - 5*u, 0 = -o*w - w - u + 39. What is the units digit of w?
3
Suppose 4*w + 5*t - 23 = 6*w, -3*t = -5*w - 29. Let o(r) = -r - 483 + 973 - 481. What is the tens digit of o(w)?
1
Suppose -o + 18 = 2*m, 24 = 2*o - o + 5*m. What is the hundreds digit of 1674/o + 3/7?
1
Suppose 5452 = 5*w + 3*b - 6489, 0 = -5*w - 2*b + 11944. What is the thousands digit of w?
2
Suppose g = -5*i + 327, 3*i = 3*g + 161 + 46. Let v = 92 - i. What is the tens digit of v?
2
Let h(k) = 2*k**2 - 14*k - 14. Let u(n) = 7*n**3 + 2*n**2 - 1. Let t be u(-1). What is the units digit of h(t)?
2
Let q = 28 - 26. Suppose 0 = -q*k + 36 + 104. What is the units digit of k?
0
What is the tens digit of 787/(-2)*(-2)/1 - 5?
8
Suppose b - 226 + 17 = 0. What is the tens digit of 1*(-4 + 2) - (-1 - b)?
0
Suppose 0 = 5*n, -3*j + 0*n = 2*n. Suppose -12 = 3*z, 4*f + j*f + 36 = -2*z. Let m(k) = k**2 + k - 9. What is the tens digit of m(f)?
3
Let q be (8 - 1) + 36/(-12). Suppose 11 = 5*o - q. Suppose -4*u + 8*u - 5*z - 80 = 0, o*u - 3*z = 63. What is the tens digit of u?
2
Let w be ((-2*129)/(-6))/(-1). Let i = 145 - w. What is the units digit of i?
8
Let b(q) = q**3 - 6*q**2 - 6*q - 4. Let l be b(7). Suppose 2*a - 23 = -l*s + 2, -a - 4*s = -5. Let g = 55 + a. What is the tens digit of g?
7
Let k(n) = -17*n + 156. What is the tens digit of k(8)?
2
Let x(n) = 10*n**3 - 9*n**2 + 3*n. What is the units digit of x(4)?
8
What is the tens digit of (0 + 157/4)*48/3?
2
Let k(i) = i**2 - 5*i - 10. Let n be k(6). Let x be 20/(-6)*6/n. Suppose 4*b + v = 136, -4*b = -b - x*v - 125. What is the tens digit of b?
3
What is the hundreds digit of 459/(-18)*62/(-3)?
5
Let a = -738 - -2946. What is the tens digit of a?
0
Let t be -1 + (-9)/((-3)/3). Suppose -5*r + 7 = -t. What is the tens digit of ((-38)/(-6) + -3)*r?
1
Let n(j) = 54*j**2 - 3*j - 1. Let b be n(-2). Suppose -5*d + b = 41. What is the units digit of d?
6
Suppose -5*q = -3*k + 8*k - 490, -q + 3*k = -102. Suppose -3*s + 27 = -q. What is the tens digit of s?
4
Let u(a) = -4*a - 4. Let f be u(-5). Suppose 5*g = 5*i - 15, 5*g - 1 = -f. Suppose i = -7*